of 1506488061?
True
Is 83 a factor of 2803710784?
True
Does 223 divide 66140016?
True
Is 26 a factor of 22459343?
False
Does 205 divide 30734010?
True
Does 5 divide 128476810?
True
Does 7 divide 12119299?
False
Is 388 a factor of 6970032?
True
Is 1346032 a multiple of 4?
True
Does 89 divide 38476267?
False
Is 307 a factor of 53025177?
False
Does 1471 divide 69706245?
False
Does 746 divide 701730122?
True
Does 14 divide 131055278?
False
Does 63 divide 16188417?
True
Is 448 a factor of 28305088?
True
Is 220284742 a multiple of 71?
True
Is 32253392 even?
True
Is 10 a factor of 762203139?
False
Is 7 a factor of 538546413?
False
Is 30 a factor of 6518070?
True
Is 46 a factor of 160926124?
True
Does 7 divide 107821973?
True
Is 131 a factor of 585511499?
False
Does 43 divide 372784998?
False
Is 29 a factor of 11138001?
True
Does 862 divide 2648186137?
False
Is 2189362010 a multiple of 109?
True
Is 24 a factor of 24222887?
False
Does 440 divide 72508920?
True
Does 24 divide 16239384?
True
Does 16 divide 899206432?
True
Is 478064 a multiple of 469?
False
Is 15 a factor of 8906878?
False
Does 317 divide 41950512?
True
Is 416 a factor of 85598797?
False
Is 2841325867 a multiple of 37?
True
Does 72 divide 216348336?
True
Is 479 a factor of 76869162?
False
Is 752 a factor of 1491034711?
False
Does 646 divide 1056936525?
False
Is 85 a factor of 780375658?
False
Does 38 divide 426987342?
True
Does 12 divide 21998688?
True
Does 17 divide 126857128?
True
Does 2349 divide 726464231?
False
Is 753692752 a multiple of 2687?
True
Is 6 a factor of 32282380?
False
Is 410832 a multiple of 50?
False
Is 67005195 a multiple of 15?
True
Is 1189 a factor of 33113650?
True
Is 85 a factor of 100664905?
True
Is 105570325 a multiple of 451?
False
Does 17 divide 4022438?
True
Is 57 a factor of 23634863?
False
Does 29 divide 422140364?
False
Is 21819798 a multiple of 1038?
True
Is 2324381254 a multiple of 425?
False
Is 2234173 a multiple of 715?
False
Is 636941239 a multiple of 319?
True
Is 1270 a factor of 459493620?
True
Is 262459786 a multiple of 60?
False
Does 11 divide 2798013665?
False
Does 27 divide 109810456?
False
Does 5247 divide 127468205?
False
Is 1597 a factor of 22162648?
False
Is 50058800 a multiple of 367?
True
Does 73 divide 4348172?
True
Does 23 divide 290510263?
True
Is 6348447 a multiple of 3?
True
Does 200 divide 1501498200?
True
Is 564498970 a multiple of 70?
True
Does 514 divide 67729780?
True
Does 106 divide 234500832?
True
Is 394 a factor of 2471686110?
True
Is 217 a factor of 2149548503?
False
Is 1674 a factor of 1093302218?
False
Is 4164 a factor of 116551810?
False
Is 189353544 a multiple of 76?
True
Does 418 divide 403226626?
True
Is 32520320 a multiple of 427?
True
Does 963 divide 68697531?
True
Does 175 divide 105669?
False
Does 131 divide 48225059?
False
Is 714 a factor of 13444186?
False
Is 89 a factor of 97384769?
False
Is 52 a factor of 330457309?
False
Does 745 divide 539446305?
True
Is 348 a factor of 148730328?
True
Is 140753701 a multiple of 778?
False
Does 62 divide 2889431568?
False
Does 158 divide 676312774?
False
Is 16635730 a multiple of 88?
False
Is 5 a factor of 637561910?
True
Does 72 divide 5145100?
False
Does 335 divide 93349425?
True
Is 7402719 a multiple of 1630?
False
Is 91 a factor of 40080616?
False
Is 505 a factor of 433956095?
True
Is 7 a factor of 503554917?
False
Is 21 a factor of 592389?
True
Is 520726334 a multiple of 374?
False
Is 1487 a factor of 4772081?
False
Is 4 a factor of 161605220?
True
Is 22 a factor of 289788510?
True
Does 139 divide 78711669?
True
Does 1126 divide 29245949?
False
Does 789 divide 33943567?
False
Is 27793314 a multiple of 65?
False
Is 1181 a factor of 17106785?
True
Is 115361792 a multiple of 896?
True
Does 584 divide 54007?
False
Is 108742985 a multiple of 960?
False
Is 307069057 a multiple of 1642?
False
Is 290585316 a multiple of 3351?
True
Is 176879360 a multiple of 64?
True
Is 9749046 a multiple of 43?
True
Is 661 a factor of 165784863?
False
Does 979 divide 234528679?
False
Is 330 a factor of 778180939?
False
Does 3 divide 4114796?
False
Does 9 divide 318575772?
True
Is 577 a factor of 23672779?
False
Is 268889128 a multiple of 574?
False
Is 27 a factor of 25769718?
True
Is 72 a factor of 1547252787?
False
Is 176151 a multiple of 213?
True
Is 22 a factor of 81500958?
True
Is 14 a factor of 751854332?
False
Is 92 a factor of 8169784?
True
Is 510 a factor of 11249725?
False
Is 1032763375 a multiple of 234?
False
Is 7874 a factor of 497376958?
True
Does 2 divide 4814528?
True
Is 41497030 a multiple of 358?
False
Is 17 a factor of 4711601?
True
Is 51 a factor of 11358573?
False
Is 1008 a factor of 902672?
False
Is 32 a factor of 35494047?
False
Does 51 divide 16029902?
False
Does 6 divide 77238942?
True
Does 3 divide 10323549?
True
Is 1061 a factor of 29177500?
True
Is 5437 a factor of 103715606?
False
Is 535 a factor of 7190868?
False
Does 209 divide 400667630?
True
Is 370536971 a multiple of 5?
False
Is 224878215 a multiple of 3?
True
Is 73 a factor of 579101184?
False
Does 1529 divide 33582490?
False
Is 2832984939 a multiple of 45?
False
Is 10 a factor of 9392490?
True
Does 253 divide 40935449?
False
Is 14 a factor of 1705278498?
True
Is 3 a factor of 18381255?
True
Is 10 a factor of 923158111?
False
Is 190833105 a multiple of 4933?
True
Is 49040214 a multiple of 15?
False
Is 671 a factor of 2048563?
True
Does 203 divide 127804740?
True
Is 397759842 a multiple of 4912?
False
Is 1825 a factor of 77962089?
False
Is 78850163 a multiple of 994?
False
Is 1074 a factor of 341389158?
True
Does 1964 divide 200223883?
False
Does 788 divide 98924732?
True
Does 254 divide 760271784?
True
Is 3758040 a multiple of 117?
True
Does 22 divide 260113716?
False
Is 953 a factor of 520631960?
False
Is 993 a factor of 359575462?
False
Does 14 divide 787691154?
False
Is 37 a factor of 368631?
True
Is 76979433 a multiple of 3?
True
Is 57184218 a multiple of 42?
True
Is 21 a factor of 2350453854?
True
Is 9645547 a multiple of 117?
False
Is 188 a factor of 3217344?
False
Does 10 divide 4799660?
True
Is 3028 a factor of 550168735?
False
Does 99 divide 2652654448?
False
Is 91381814 a multiple of 11?
False
Does 93 divide 252775790?
False
Does 129 divide 837551076?
True
Does 234 divide 623016576?
True
Is 1696 a factor of 514156475?
False
Is 10860578 a multiple of 3?
False
Does 195 divide 1309629555?
True
Is 22 a factor of 1014240348?
True
Does 109 divide 57873332?
True
Does 9634 divide 777658159?
False
Does 6621 divide 1956048651?
True
Does 1924 divide 2174808267?
False
Is 3 a factor of 1781642?
False
Is 21557093 a multiple of 540?
False
Is 4 a factor of 42276211?
False
Is 11 a factor of 121244849?
True
Is 127 a factor of 3162935?
True
Does 1761 divide 84469887?
True
Does 43 divide 1622643442?
True
Is 751774133 a multiple of 1459?
False
Is 416 a factor of 962002912?
True
Is 45495844 a multiple of 733?
True
Is 25039912 a multiple of 8?
True
Is 47 a factor of 10033770?
False
Does 33 divide 33439889?
False
Is 198414627 a multiple of 1141?
False
Is 22 a factor of 2172909398?
True
Is 63759282 a multiple of 17?
True
Is 1317 a factor of 35677488?
False
Does 834 divide 25345260?
True
Does 5 divide 3731915?
True
Is 539946 a multiple of 11?
True
Does 509 divide 139085071?
False
Is 379 a factor of 567688940?
True
Is 226 a factor of 172884055?
False
Is 20 a factor of 124008483?
False
Is 199614155 a multiple of 41?
False
Is 512855738 a multiple of 54?
False
Is 3 a factor of 13483807?
False
Is 204 a factor of 7421928?
True
Is 21 a factor of 539763?
True
Does 35 divide 429676205?
True
Is 18447171 a multiple of 361?
False
Is 42 a factor of 888836120?
False
Is 891506000 a multiple of 875?
True
Is 99786088 a multiple of 269?
True
Does 15 divide 70889175?
True
Is 95 a factor of 142704432?
False
Does 2934 divide 867569130?
True
Does 37 divide 15881066?
True
Does 62 divide 1292304028?
False
Is 170 a factor of 42367060?
True
Is 17867931 a multiple of 447?
True
Is 1024377159 a multiple of 178?
False
Is 32045464 a multiple of 40?
False
Is 506794827 a multiple of 363?
True
Is 262300065 a multiple of 951?
True
Is 215383431 a multiple of 3?
True
Is 83940189 a multiple of 29?
False
Is 1135746474 a multiple of 7?
False
Is 534343313 a multipl